s the hundred thousands digit of 35728339?
7
What is the billions digit of 6604424588?
6
What is the hundreds digit of 3438136352?
3
What is the ten millions digit of 78613755?
7
What is the ten millions digit of 1550784953?
5
What is the units digit of 35435548?
8
What is the tens digit of 8769242914?
1
What is the thousands digit of 91510705?
0
What is the hundreds digit of 67354475?
4
What is the tens digit of 786238669?
6
What is the units digit of 1532094?
4
What is the ten millions digit of 375581104?
7
What is the tens digit of 972032411?
1
What is the units digit of 50203883?
3
What is the units digit of 404588428?
8
What is the units digit of 2819865026?
6
What is the ten millions digit of 266214587?
6
What is the units digit of 29248453?
3
What is the hundred millions digit of 198322468?
1
What is the ten thousands digit of 46587544?
8
What is the thousands digit of 950287532?
7
What is the ten millions digit of 7194591269?
9
What is the thousands digit of 605821047?
1
What is the billions digit of 1503076409?
1
What is the tens digit of 394459427?
2
What is the ten millions digit of 1800469387?
0
What is the tens digit of 3816503151?
5
What is the hundred thousands digit of 522069171?
0
What is the tens digit of 10757173?
7
What is the hundred thousands digit of 807845563?
8
What is the billions digit of 1322906277?
1
What is the units digit of 16296170?
0
What is the units digit of 145438735?
5
What is the hundred millions digit of 115622792?
1
What is the tens digit of 607297951?
5
What is the millions digit of 40619224?
0
What is the units digit of 3176770?
0
What is the tens digit of 2879052593?
9
What is the tens digit of 14131964?
6
What is the tens digit of 5337709647?
4
What is the hundred thousands digit of 90171812?
1
What is the millions digit of 63329983?
3
What is the tens digit of 123678655?
5
What is the thousands digit of 60555545?
5
What is the hundreds digit of 90979340?
3
What is the hundreds digit of 4091785992?
9
What is the billions digit of 1139728962?
1
What is the thousands digit of 519770195?
0
What is the ten millions digit of 17599413?
1
What is the millions digit of 7548197156?
8
What is the tens digit of 3164574?
7
What is the hundreds digit of 354291796?
7
What is the ten millions digit of 215686412?
1
What is the ten millions digit of 2162272871?
6
What is the units digit of 1845141702?
2
What is the tens digit of 423648184?
8
What is the ten millions digit of 69370595?
6
What is the ten thousands digit of 76106902?
0
What is the billions digit of 2079557205?
2
What is the hundreds digit of 88955520?
5
What is the ten millions digit of 963853842?
6
What is the tens digit of 2755441274?
7
What is the ten millions digit of 127578738?
2
What is the ten thousands digit of 213265792?
6
What is the millions digit of 1261180478?
1
What is the tens digit of 1043150858?
5
What is the ten thousands digit of 257252914?
5
What is the hundred thousands digit of 279222521?
2
What is the hundred thousands digit of 1622461651?
4
What is the hundreds digit of 3178432512?
5
What is the thousands digit of 64837347?
7
What is the thousands digit of 103354983?
4
What is the hundreds digit of 1646963520?
5
What is the thousands digit of 478624067?
4
What is the thousands digit of 170624094?
4
What is the millions digit of 322938390?
2
What is the billions digit of 2934510396?
2
What is the ten thousands digit of 131398749?
9
What is the ten thousands digit of 7360905?
6
What is the thousands digit of 286294580?
4
What is the ten millions digit of 10259363?
1
What is the tens digit of 45830180?
8
What is the ten thousands digit of 159386674?
8
What is the units digit of 874505212?
2
What is the tens digit of 14077144?
4
What is the hundred millions digit of 307695528?
3
What is the units digit of 372655188?
8
What is the ten millions digit of 1973810047?
7
What is the units digit of 1074921959?
9
What is the units digit of 63682820?
0
What is the units digit of 1115440110?
0
What is the ten millions digit of 1871318117?
7
What is the thousands digit of 550296060?
6
What is the millions digit of 5610308?
5
What is the hundreds digit of 186766354?
3
What is the tens digit of 80541229?
2
What is the ten thousands digit of 1421791216?
9
What is the hundred thousands digit of 84208862?
2
What is the hundred millions digit of 1299989172?
2
What is the hundreds digit of 189499068?
0
What is the tens digit of 16879554?
5
What is the tens digit of 181607476?
7
What is the units digit of 3656714426?
6
What is the millions digit of 1035456421?
5
What is the hundred millions digit of 307594275?
3
What is the hundred millions digit of 209424369?
2
What is the ten millions digit of 50126108?
5
What is the hundreds digit of 3026385719?
7
What is the units digit of 28264651?
1
What is the thousands digit of 4869031?
9
What is the tens digit of 37821735?
3
What is the units digit of 52817188?
8
What is the hundreds digit of 71496195?
1
What is the hundreds digit of 5393858454?
4
What is the ten millions digit of 59625316?
5
What is the tens digit of 45421168?
6
What is the hundred thousands digit of 667229162?
2
What is the ten thousands digit of 137369687?
6
What is the hundreds digit of 1752905455?
4
What is the hundred thousands digit of 778708740?
7
What is the tens digit of 1052394832?
3
What is the hundred millions digit of 1097319329?
0
What is the millions digit of 88846652?
8
What is the hundreds digit of 789582391?
3
What is the tens digit of 46267990?
9
What is the thousands digit of 39232004?
2
What is the millions digit of 138533323?
8
What is the thousands digit of 1067336829?
6
What is the thousands digit of 43672412?
2
What is the hundreds digit of 442479460?
4
What is the hundred thousands digit of 662610138?
6
What is the ten millions digit of 63718303?
6
What is the hundred millions digit of 3423628032?
4
What is the units digit of 554195582?
2
What is the hundreds digit of 53888179?
1
What is the millions digit of 83173915?
3
What is the hundreds digit of 607090491?
4
What is the hundred millions digit of 1431047118?
4
What is the hundred millions digit of 598429092?
5
What is the ten thousands digit of 519798801?
9
What is the hundred millions digit of 254105333?
2
What is the units digit of 62112249?
9
What is the hundred millions digit of 1993650672?
9
What is the units digit of 2157909786?
6
What is the ten thousands digit of 66664400?
6
What is the millions digit of 430799367?
0
What is the ten millions digit of 5141811275?
4
What is the millions digit of 31883430?
1
What is the hundreds digit of 80062617?
6
What is the tens digit of 184755008?
0
What is the thousands digit of 925578341?
8
What is the ten thousands digit of 7790497?
9
What is the ten millions digit of 340650220?
4
What is the units digit of 76118632?
2
What is the ten millions digit of 96734982?
9
What is the tens digit of 11402113?
1
What is the hundred millions digit of 4441322593?
4
What is the millions digit of 118696948?
8
What is the hundreds digit of 3612088891?
8
What is the millions digit of 11985373?
1
What is the tens digit of 4508140281?
8
What is the tens digit of 366115718?
1
What is the units digit of 125053938?
8
What is the tens digit of 3015660200?
0
What is the thousands digit of 24174991?
4
What is the tens digit of 158772391?
9
What is the hundreds digit of 123967677?
6
What is the ten thousands digit of 64905902?
0
What is the hundred millions digit of 1879799965?
8
What is the ten millions digit of 1708505829?
0
What is the hundreds digit of 1743036327?
3
What is the tens digit of 444553680?
8
What is the tens digit of 798918240?
4
What is the thousands digit of 47294503?
4
What is the millions digit of 2645539047?
5
What is the units digit of 213378568?
8
What is the ten millions digit of 4063268551?
6
What is the units digit of 38461712?
2
What is the hundreds digit of 31900173?
1
What is the ten millions digit of 782173638?
8
What is the thousands digit of 167235843?
5
What is the ten millions digit of 91051342?
9
What is the thousands digit of 193699705?
9
What is the units digit of 50916112?
2
What is the billions digit of 1385895654?
1
What is the tens digit of 2169509783?
8
What is the ten millions digit of 1687227